{"id":20110,"date":"2023-02-03T15:55:31","date_gmt":"2023-02-03T14:55:31","guid":{"rendered":"https:\/\/turismo.elejido.es\/?post_type=mec-events&#038;p=20110"},"modified":"2023-02-03T15:58:06","modified_gmt":"2023-02-03T14:58:06","slug":"san-valentin-2023-enamorate","status":"publish","type":"mec-events","link":"https:\/\/turismo.elejido.es\/index.php\/events\/san-valentin-2023-enamorate\/","title":{"rendered":"Enam\u00f3rate en la calle"},"content":{"rendered":"\n<div class=\"wp-block-nk-awb nk-awb alturaSlider is-layout-constrained wp-block-nk-awb-is-layout-constrained\"><div class=\"nk-awb-wrap\" data-awb-type=\"image\" data-awb-image-background-size=\"cover\" data-awb-image-background-position=\"48% 45%\" data-awb-parallax=\"scroll\" data-awb-parallax-speed=\"0.5\" data-awb-parallax-mobile=\"false\"><div class=\"nk-awb-inner\"><img loading=\"lazy\" decoding=\"async\" src=\"https:\/\/app.elejido.es\/turismo\/wp-content\/uploads\/2023\/02\/Enamorate-Editada.png\" class=\"wp-image-20111 jarallax-img\" width=\"516\" height=\"516\" srcset=\"https:\/\/turismo.elejido.es\/wp-content\/uploads\/2023\/02\/Enamorate-Editada.png 516w, https:\/\/turismo.elejido.es\/wp-content\/uploads\/2023\/02\/Enamorate-Editada-500x500.png 500w, https:\/\/turismo.elejido.es\/wp-content\/uploads\/2023\/02\/Enamorate-Editada-150x150.png 150w, https:\/\/turismo.elejido.es\/wp-content\/uploads\/2023\/02\/Enamorate-Editada-300x300.png 300w\" sizes=\"auto, (max-width: 516px) 100vw, 516px\" \/><\/div><\/div><\/div>\n\n\n\n<div style=\"height:40px\" aria-hidden=\"true\" class=\"wp-block-spacer\"><\/div>\n\n\n<div class=\"breadcrumbs align  wp-block-bcn-breadcrumb-trail has-text-color has-background\" vocab=\"https:\/\/schema.org\/\" typeof=\"BreadcrumbList\">\n\t<span><\/span>\n\t<span property=\"itemListElement\" typeof=\"ListItem\"><a property=\"item\" typeof=\"WebPage\" title=\"Ir a Turismo El Ejido.\" href=\"https:\/\/turismo.elejido.es\" class=\"home\" aria-current=\"page\"><span property=\"name\">Turismo El Ejido<\/span><\/a><meta property=\"position\" content=\"1\"><\/span><\/div>\n\n\n\n<div style=\"height:50px\" aria-hidden=\"true\" class=\"wp-block-spacer\"><\/div>\n\n\n\n<h1 class=\"wp-block-heading\">Enam\u00f3rate en la calle<\/h1>\n\n\n\n<p>No te pierdas la programaci\u00f3n cultural de San Valent\u00edn 2023. Una gran variedad de actividades gratuitas y para todas las edades que tendr\u00e1n lugar los d\u00edas 10 y 11 de febrero. M\u00e1s informaci\u00f3n en la web <a href=\"https:\/\/cultura.elejido.es\/?ai1ec_event=enamorate-en-la-calle-programacion-cultural-de-san-valentin-2023-10-y-11-de-febrero\">Cultura El Ejido<\/a>. <\/p>\n\n\n\n<p><a href=\"https:\/\/cultura.elejido.es\/wp-content\/uploads\/San-Valentin-23-web.pdf\">Descargar programaci\u00f3n<\/a>. <\/p>\n\n\n\n<div style=\"height:70px\" aria-hidden=\"true\" class=\"wp-block-spacer\"><\/div>\n","protected":false},"excerpt":{"rendered":"<p>Enam\u00f3rate en la calle No te pierdas la programaci\u00f3n cultural de San Valent\u00edn 2023. Una gran variedad de actividades gratuitas y para todas las edades que tendr\u00e1n lugar los d\u00edas 10 y 11 de febrero. M\u00e1s informaci\u00f3n en la web Cultura El Ejido. Descargar programaci\u00f3n.<\/p>\n","protected":false},"author":5,"featured_media":20111,"comment_status":"closed","ping_status":"closed","template":"","tags":[],"mec_category":[],"class_list":["post-20110","mec-events","type-mec-events","status-publish","has-post-thumbnail","hentry","entry","has-media"],"yoast_head":"<!-- This site is optimized with the Yoast SEO plugin v27.4 - https:\/\/yoast.com\/product\/yoast-seo-wordpress\/ -->\n<title>Enam\u00f3rate en la calle - Turismo El Ejido<\/title>\n<meta name=\"description\" content=\"No te pierdas la programaci\u00f3n cultural de San Valent\u00edn 2023. Una gran variedad de actividades gratuitas y para todas las edades.\" \/>\n<meta name=\"robots\" content=\"index, follow, max-snippet:-1, max-image-preview:large, max-video-preview:-1\" \/>\n<link rel=\"canonical\" href=\"https:\/\/turismo.elejido.es\/index.php\/events\/san-valentin-2023-enamorate\/\" \/>\n<meta property=\"og:locale\" content=\"es_ES\" \/>\n<meta property=\"og:type\" content=\"article\" \/>\n<meta property=\"og:title\" content=\"Enam\u00f3rate en la calle - Turismo El Ejido\" \/>\n<meta property=\"og:description\" content=\"No te pierdas la programaci\u00f3n cultural de San Valent\u00edn 2023. Una gran variedad de actividades gratuitas y para todas las edades.\" \/>\n<meta property=\"og:url\" content=\"https:\/\/turismo.elejido.es\/index.php\/events\/san-valentin-2023-enamorate\/\" \/>\n<meta property=\"og:site_name\" content=\"Turismo El Ejido\" \/>\n<meta property=\"article:modified_time\" content=\"2023-02-03T14:58:06+00:00\" \/>\n<meta property=\"og:image\" content=\"https:\/\/turismo.elejido.es\/wp-content\/uploads\/2023\/02\/Enamorate-Editada.png\" \/>\n\t<meta property=\"og:image:width\" content=\"516\" \/>\n\t<meta property=\"og:image:height\" content=\"516\" \/>\n\t<meta property=\"og:image:type\" content=\"image\/png\" \/>\n<meta name=\"twitter:card\" content=\"summary_large_image\" \/>\n<meta name=\"twitter:label1\" content=\"Tiempo de lectura\" \/>\n\t<meta name=\"twitter:data1\" content=\"1 minuto\" \/>\n<script type=\"application\/ld+json\" class=\"yoast-schema-graph\">{\"@context\":\"https:\\\/\\\/schema.org\",\"@graph\":[{\"@type\":\"WebPage\",\"@id\":\"https:\\\/\\\/turismo.elejido.es\\\/index.php\\\/events\\\/san-valentin-2023-enamorate\\\/\",\"url\":\"https:\\\/\\\/turismo.elejido.es\\\/index.php\\\/events\\\/san-valentin-2023-enamorate\\\/\",\"name\":\"Enam\u00f3rate en la calle - Turismo El Ejido\",\"isPartOf\":{\"@id\":\"https:\\\/\\\/turismo.elejido.es\\\/#website\"},\"primaryImageOfPage\":{\"@id\":\"https:\\\/\\\/turismo.elejido.es\\\/index.php\\\/events\\\/san-valentin-2023-enamorate\\\/#primaryimage\"},\"image\":{\"@id\":\"https:\\\/\\\/turismo.elejido.es\\\/index.php\\\/events\\\/san-valentin-2023-enamorate\\\/#primaryimage\"},\"thumbnailUrl\":\"https:\\\/\\\/turismo.elejido.es\\\/wp-content\\\/uploads\\\/2023\\\/02\\\/Enamorate-Editada.png\",\"datePublished\":\"2023-02-03T14:55:31+00:00\",\"dateModified\":\"2023-02-03T14:58:06+00:00\",\"description\":\"No te pierdas la programaci\u00f3n cultural de San Valent\u00edn 2023. Una gran variedad de actividades gratuitas y para todas las edades.\",\"breadcrumb\":{\"@id\":\"https:\\\/\\\/turismo.elejido.es\\\/index.php\\\/events\\\/san-valentin-2023-enamorate\\\/#breadcrumb\"},\"inLanguage\":\"es\",\"potentialAction\":[{\"@type\":\"ReadAction\",\"target\":[\"https:\\\/\\\/turismo.elejido.es\\\/index.php\\\/events\\\/san-valentin-2023-enamorate\\\/\"]}]},{\"@type\":\"ImageObject\",\"inLanguage\":\"es\",\"@id\":\"https:\\\/\\\/turismo.elejido.es\\\/index.php\\\/events\\\/san-valentin-2023-enamorate\\\/#primaryimage\",\"url\":\"https:\\\/\\\/turismo.elejido.es\\\/wp-content\\\/uploads\\\/2023\\\/02\\\/Enamorate-Editada.png\",\"contentUrl\":\"https:\\\/\\\/turismo.elejido.es\\\/wp-content\\\/uploads\\\/2023\\\/02\\\/Enamorate-Editada.png\",\"width\":516,\"height\":516},{\"@type\":\"BreadcrumbList\",\"@id\":\"https:\\\/\\\/turismo.elejido.es\\\/index.php\\\/events\\\/san-valentin-2023-enamorate\\\/#breadcrumb\",\"itemListElement\":[{\"@type\":\"ListItem\",\"position\":1,\"name\":\"Inicio\",\"item\":\"https:\\\/\\\/turismo.elejido.es\\\/\"},{\"@type\":\"ListItem\",\"position\":2,\"name\":\"Eventos\",\"item\":\"https:\\\/\\\/turismo.elejido.es\\\/index.php\\\/events\\\/\"},{\"@type\":\"ListItem\",\"position\":3,\"name\":\"Enam\u00f3rate en la calle\"}]},{\"@type\":\"WebSite\",\"@id\":\"https:\\\/\\\/turismo.elejido.es\\\/#website\",\"url\":\"https:\\\/\\\/turismo.elejido.es\\\/\",\"name\":\"Turismo El Ejido\",\"description\":\"Portal Oficial de Turismo del Municipio de El Ejido, Almerimar y Balerma situado en la costa de Almer\u00eda.\",\"publisher\":{\"@id\":\"https:\\\/\\\/turismo.elejido.es\\\/#organization\"},\"potentialAction\":[{\"@type\":\"SearchAction\",\"target\":{\"@type\":\"EntryPoint\",\"urlTemplate\":\"https:\\\/\\\/turismo.elejido.es\\\/?s={search_term_string}\"},\"query-input\":{\"@type\":\"PropertyValueSpecification\",\"valueRequired\":true,\"valueName\":\"search_term_string\"}}],\"inLanguage\":\"es\"},{\"@type\":\"Organization\",\"@id\":\"https:\\\/\\\/turismo.elejido.es\\\/#organization\",\"name\":\"Turismo El Ejido\",\"url\":\"https:\\\/\\\/turismo.elejido.es\\\/\",\"logo\":{\"@type\":\"ImageObject\",\"inLanguage\":\"es\",\"@id\":\"https:\\\/\\\/turismo.elejido.es\\\/#\\\/schema\\\/logo\\\/image\\\/\",\"url\":\"https:\\\/\\\/turismo.elejido.es\\\/wp-content\\\/uploads\\\/2020\\\/12\\\/elejidoNaranja.png\",\"contentUrl\":\"https:\\\/\\\/turismo.elejido.es\\\/wp-content\\\/uploads\\\/2020\\\/12\\\/elejidoNaranja.png\",\"width\":163,\"height\":92,\"caption\":\"Turismo El Ejido\"},\"image\":{\"@id\":\"https:\\\/\\\/turismo.elejido.es\\\/#\\\/schema\\\/logo\\\/image\\\/\"}}]}<\/script>\n<!-- \/ Yoast SEO plugin. -->","yoast_head_json":{"title":"Enam\u00f3rate en la calle - Turismo El Ejido","description":"No te pierdas la programaci\u00f3n cultural de San Valent\u00edn 2023. Una gran variedad de actividades gratuitas y para todas las edades.","robots":{"index":"index","follow":"follow","max-snippet":"max-snippet:-1","max-image-preview":"max-image-preview:large","max-video-preview":"max-video-preview:-1"},"canonical":"https:\/\/turismo.elejido.es\/index.php\/events\/san-valentin-2023-enamorate\/","og_locale":"es_ES","og_type":"article","og_title":"Enam\u00f3rate en la calle - Turismo El Ejido","og_description":"No te pierdas la programaci\u00f3n cultural de San Valent\u00edn 2023. Una gran variedad de actividades gratuitas y para todas las edades.","og_url":"https:\/\/turismo.elejido.es\/index.php\/events\/san-valentin-2023-enamorate\/","og_site_name":"Turismo El Ejido","article_modified_time":"2023-02-03T14:58:06+00:00","og_image":[{"width":516,"height":516,"url":"https:\/\/turismo.elejido.es\/wp-content\/uploads\/2023\/02\/Enamorate-Editada.png","type":"image\/png"}],"twitter_card":"summary_large_image","twitter_misc":{"Tiempo de lectura":"1 minuto"},"schema":{"@context":"https:\/\/schema.org","@graph":[{"@type":"WebPage","@id":"https:\/\/turismo.elejido.es\/index.php\/events\/san-valentin-2023-enamorate\/","url":"https:\/\/turismo.elejido.es\/index.php\/events\/san-valentin-2023-enamorate\/","name":"Enam\u00f3rate en la calle - Turismo El Ejido","isPartOf":{"@id":"https:\/\/turismo.elejido.es\/#website"},"primaryImageOfPage":{"@id":"https:\/\/turismo.elejido.es\/index.php\/events\/san-valentin-2023-enamorate\/#primaryimage"},"image":{"@id":"https:\/\/turismo.elejido.es\/index.php\/events\/san-valentin-2023-enamorate\/#primaryimage"},"thumbnailUrl":"https:\/\/turismo.elejido.es\/wp-content\/uploads\/2023\/02\/Enamorate-Editada.png","datePublished":"2023-02-03T14:55:31+00:00","dateModified":"2023-02-03T14:58:06+00:00","description":"No te pierdas la programaci\u00f3n cultural de San Valent\u00edn 2023. Una gran variedad de actividades gratuitas y para todas las edades.","breadcrumb":{"@id":"https:\/\/turismo.elejido.es\/index.php\/events\/san-valentin-2023-enamorate\/#breadcrumb"},"inLanguage":"es","potentialAction":[{"@type":"ReadAction","target":["https:\/\/turismo.elejido.es\/index.php\/events\/san-valentin-2023-enamorate\/"]}]},{"@type":"ImageObject","inLanguage":"es","@id":"https:\/\/turismo.elejido.es\/index.php\/events\/san-valentin-2023-enamorate\/#primaryimage","url":"https:\/\/turismo.elejido.es\/wp-content\/uploads\/2023\/02\/Enamorate-Editada.png","contentUrl":"https:\/\/turismo.elejido.es\/wp-content\/uploads\/2023\/02\/Enamorate-Editada.png","width":516,"height":516},{"@type":"BreadcrumbList","@id":"https:\/\/turismo.elejido.es\/index.php\/events\/san-valentin-2023-enamorate\/#breadcrumb","itemListElement":[{"@type":"ListItem","position":1,"name":"Inicio","item":"https:\/\/turismo.elejido.es\/"},{"@type":"ListItem","position":2,"name":"Eventos","item":"https:\/\/turismo.elejido.es\/index.php\/events\/"},{"@type":"ListItem","position":3,"name":"Enam\u00f3rate en la calle"}]},{"@type":"WebSite","@id":"https:\/\/turismo.elejido.es\/#website","url":"https:\/\/turismo.elejido.es\/","name":"Turismo El Ejido","description":"Portal Oficial de Turismo del Municipio de El Ejido, Almerimar y Balerma situado en la costa de Almer\u00eda.","publisher":{"@id":"https:\/\/turismo.elejido.es\/#organization"},"potentialAction":[{"@type":"SearchAction","target":{"@type":"EntryPoint","urlTemplate":"https:\/\/turismo.elejido.es\/?s={search_term_string}"},"query-input":{"@type":"PropertyValueSpecification","valueRequired":true,"valueName":"search_term_string"}}],"inLanguage":"es"},{"@type":"Organization","@id":"https:\/\/turismo.elejido.es\/#organization","name":"Turismo El Ejido","url":"https:\/\/turismo.elejido.es\/","logo":{"@type":"ImageObject","inLanguage":"es","@id":"https:\/\/turismo.elejido.es\/#\/schema\/logo\/image\/","url":"https:\/\/turismo.elejido.es\/wp-content\/uploads\/2020\/12\/elejidoNaranja.png","contentUrl":"https:\/\/turismo.elejido.es\/wp-content\/uploads\/2020\/12\/elejidoNaranja.png","width":163,"height":92,"caption":"Turismo El Ejido"},"image":{"@id":"https:\/\/turismo.elejido.es\/#\/schema\/logo\/image\/"}}]}},"_links":{"self":[{"href":"https:\/\/turismo.elejido.es\/index.php\/wp-json\/wp\/v2\/mec-events\/20110","targetHints":{"allow":["GET"]}}],"collection":[{"href":"https:\/\/turismo.elejido.es\/index.php\/wp-json\/wp\/v2\/mec-events"}],"about":[{"href":"https:\/\/turismo.elejido.es\/index.php\/wp-json\/wp\/v2\/types\/mec-events"}],"author":[{"embeddable":true,"href":"https:\/\/turismo.elejido.es\/index.php\/wp-json\/wp\/v2\/users\/5"}],"replies":[{"embeddable":true,"href":"https:\/\/turismo.elejido.es\/index.php\/wp-json\/wp\/v2\/comments?post=20110"}],"wp:featuredmedia":[{"embeddable":true,"href":"https:\/\/turismo.elejido.es\/index.php\/wp-json\/wp\/v2\/media\/20111"}],"wp:attachment":[{"href":"https:\/\/turismo.elejido.es\/index.php\/wp-json\/wp\/v2\/media?parent=20110"}],"wp:term":[{"taxonomy":"post_tag","embeddable":true,"href":"https:\/\/turismo.elejido.es\/index.php\/wp-json\/wp\/v2\/tags?post=20110"},{"taxonomy":"mec_category","embeddable":true,"href":"https:\/\/turismo.elejido.es\/index.php\/wp-json\/wp\/v2\/mec_category?post=20110"}],"curies":[{"name":"wp","href":"https:\/\/api.w.org\/{rel}","templated":true}]}}

Enamórate en la calle

<div class="wp-block-nk-awb nk-awb alturaSlider is-layout-constrained wp-block-nk-awb-is-layout-constrained"><div class="nk-awb-wrap" data-awb-type="image" data-awb-image-background-size="cover" data-awb-image-background-position="48% 45%" data-awb-parallax="scroll" data-awb-parallax-speed="0.5" data-awb-parallax-mobile="false"><div class="nk-awb-inner"><img loading="lazy" decoding="async" src="https://app.elejido.es/turismo/wp-content/uploads/2023/02/Enamorate-Editada.png" class="wp-image-20111 jarallax-img" width="516" height="516" srcset="https://turismo.elejido.es/wp-content/uploads/2023/02/Enamorate-Editada.png 516w, https://turismo.elejido.es/wp-content/uploads/2023/02/Enamorate-Editada-500x500.png 500w, https://turismo.elejido.es/wp-content/uploads/2023/02/Enamorate-Editada-150x150.png 150w, https://turismo.elejido.es/wp-content/uploads/2023/02/Enamorate-Editada-300x300.png 300w" sizes="auto, (max-width: 516px) 100vw, 516px" /></div></div></div>



<div style="height:40px" aria-hidden="true" class="wp-block-spacer"></div>


<div class="breadcrumbs align  wp-block-bcn-breadcrumb-trail has-text-color has-background" vocab="https://schema.org/" typeof="BreadcrumbList">
	<span></span>
	<span property="itemListElement" typeof="ListItem"><a property="item" typeof="WebPage" title="Ir a Turismo El Ejido." href="https://turismo.elejido.es" class="home" aria-current="page"><span property="name">Turismo El Ejido</span></a><meta property="position" content="1"></span></div>



<div style="height:50px" aria-hidden="true" class="wp-block-spacer"></div>



<h1 class="wp-block-heading">Enamórate en la calle</h1>



<p>No te pierdas la programación cultural de San Valentín 2023. Una gran variedad de actividades gratuitas y para todas las edades que tendrán lugar los días 10 y 11 de febrero. Más información en la web <a href="https://cultura.elejido.es/?ai1ec_event=enamorate-en-la-calle-programacion-cultural-de-san-valentin-2023-10-y-11-de-febrero">Cultura El Ejido</a>. </p>



<p><a href="https://cultura.elejido.es/wp-content/uploads/San-Valentin-23-web.pdf">Descargar programación</a>. </p>



<div style="height:70px" aria-hidden="true" class="wp-block-spacer"></div>

<p>Enamórate en la calle No te pierdas la programación cultural de San Valentín 2023. Una gran variedad de actividades gratuitas y para todas las edades que tendrán lugar los días 10 y 11 de febrero. Más información en la web Cultura El Ejido. Descargar programación.</p>

<!-- This site is optimized with the Yoast SEO plugin v27.4 - https://yoast.com/product/yoast-seo-wordpress/ -->
<title>Enamórate en la calle - Turismo El Ejido</title>
<meta name="description" content="No te pierdas la programación cultural de San Valentín 2023. Una gran variedad de actividades gratuitas y para todas las edades." />
<meta name="robots" content="index, follow, max-snippet:-1, max-image-preview:large, max-video-preview:-1" />
<link rel="canonical" href="https://turismo.elejido.es/index.php/events/san-valentin-2023-enamorate/" />
<meta property="og:locale" content="es_ES" />
<meta property="og:type" content="article" />
<meta property="og:title" content="Enamórate en la calle - Turismo El Ejido" />
<meta property="og:description" content="No te pierdas la programación cultural de San Valentín 2023. Una gran variedad de actividades gratuitas y para todas las edades." />
<meta property="og:url" content="https://turismo.elejido.es/index.php/events/san-valentin-2023-enamorate/" />
<meta property="og:site_name" content="Turismo El Ejido" />
<meta property="article:modified_time" content="2023-02-03T14:58:06+00:00" />
<meta property="og:image" content="https://turismo.elejido.es/wp-content/uploads/2023/02/Enamorate-Editada.png" />
	<meta property="og:image:width" content="516" />
	<meta property="og:image:height" content="516" />
	<meta property="og:image:type" content="image/png" />
<meta name="twitter:card" content="summary_large_image" />
<meta name="twitter:label1" content="Tiempo de lectura" />
	<meta name="twitter:data1" content="1 minuto" />
<script type="application/ld+json" class="yoast-schema-graph">{"@context":"https:\/\/schema.org","@graph":[{"@type":"WebPage","@id":"https:\/\/turismo.elejido.es\/index.php\/events\/san-valentin-2023-enamorate\/","url":"https:\/\/turismo.elejido.es\/index.php\/events\/san-valentin-2023-enamorate\/","name":"Enamórate en la calle - Turismo El Ejido","isPartOf":{"@id":"https:\/\/turismo.elejido.es\/#website"},"primaryImageOfPage":{"@id":"https:\/\/turismo.elejido.es\/index.php\/events\/san-valentin-2023-enamorate\/#primaryimage"},"image":{"@id":"https:\/\/turismo.elejido.es\/index.php\/events\/san-valentin-2023-enamorate\/#primaryimage"},"thumbnailUrl":"https:\/\/turismo.elejido.es\/wp-content\/uploads\/2023\/02\/Enamorate-Editada.png","datePublished":"2023-02-03T14:55:31+00:00","dateModified":"2023-02-03T14:58:06+00:00","description":"No te pierdas la programación cultural de San Valentín 2023. Una gran variedad de actividades gratuitas y para todas las edades.","breadcrumb":{"@id":"https:\/\/turismo.elejido.es\/index.php\/events\/san-valentin-2023-enamorate\/#breadcrumb"},"inLanguage":"es","potentialAction":[{"@type":"ReadAction","target":["https:\/\/turismo.elejido.es\/index.php\/events\/san-valentin-2023-enamorate\/"]}]},{"@type":"ImageObject","inLanguage":"es","@id":"https:\/\/turismo.elejido.es\/index.php\/events\/san-valentin-2023-enamorate\/#primaryimage","url":"https:\/\/turismo.elejido.es\/wp-content\/uploads\/2023\/02\/Enamorate-Editada.png","contentUrl":"https:\/\/turismo.elejido.es\/wp-content\/uploads\/2023\/02\/Enamorate-Editada.png","width":516,"height":516},{"@type":"BreadcrumbList","@id":"https:\/\/turismo.elejido.es\/index.php\/events\/san-valentin-2023-enamorate\/#breadcrumb","itemListElement":[{"@type":"ListItem","position":1,"name":"Inicio","item":"https:\/\/turismo.elejido.es\/"},{"@type":"ListItem","position":2,"name":"Eventos","item":"https:\/\/turismo.elejido.es\/index.php\/events\/"},{"@type":"ListItem","position":3,"name":"Enamórate en la calle"}]},{"@type":"WebSite","@id":"https:\/\/turismo.elejido.es\/#website","url":"https:\/\/turismo.elejido.es\/","name":"Turismo El Ejido","description":"Portal Oficial de Turismo del Municipio de El Ejido, Almerimar y Balerma situado en la costa de Almería.","publisher":{"@id":"https:\/\/turismo.elejido.es\/#organization"},"potentialAction":[{"@type":"SearchAction","target":{"@type":"EntryPoint","urlTemplate":"https:\/\/turismo.elejido.es\/?s={search_term_string}"},"query-input":{"@type":"PropertyValueSpecification","valueRequired":true,"valueName":"search_term_string"}}],"inLanguage":"es"},{"@type":"Organization","@id":"https:\/\/turismo.elejido.es\/#organization","name":"Turismo El Ejido","url":"https:\/\/turismo.elejido.es\/","logo":{"@type":"ImageObject","inLanguage":"es","@id":"https:\/\/turismo.elejido.es\/#\/schema\/logo\/image\/","url":"https:\/\/turismo.elejido.es\/wp-content\/uploads\/2020\/12\/elejidoNaranja.png","contentUrl":"https:\/\/turismo.elejido.es\/wp-content\/uploads\/2020\/12\/elejidoNaranja.png","width":163,"height":92,"caption":"Turismo El Ejido"},"image":{"@id":"https:\/\/turismo.elejido.es\/#\/schema\/logo\/image\/"}}]}</script>
<!-- / Yoast SEO plugin. -->

Enamórate en la calle - Turismo El Ejido

No te pierdas la programación cultural de San Valentín 2023. Una gran variedad de actividades gratuitas y para todas las edades.

Portal Oficial de Turismo del Municipio de El Ejido, Almerimar y Balerma situado en la costa de Almería.
