{"id":24933,"date":"2025-07-22T08:34:13","date_gmt":"2025-07-22T06:34:13","guid":{"rendered":"https:\/\/turismo.elejido.es\/?post_type=mec-events&#038;p=24933"},"modified":"2025-07-22T09:05:36","modified_gmt":"2025-07-22T07:05:36","slug":"x-concentracion-de-coches-antiguos","status":"publish","type":"mec-events","link":"https:\/\/turismo.elejido.es\/index.php\/events\/x-concentracion-de-coches-antiguos\/","title":{"rendered":"X Concentraci\u00f3n de Coches Antiguos"},"content":{"rendered":"\n<div style=\"height:40px\" aria-hidden=\"true\" class=\"wp-block-spacer\"><\/div>\n\n\n<div class=\"breadcrumbs align  wp-block-bcn-breadcrumb-trail has-text-color has-background\" vocab=\"https:\/\/schema.org\/\" typeof=\"BreadcrumbList\">\n\t<span><\/span>\n\t<span property=\"itemListElement\" typeof=\"ListItem\"><a property=\"item\" typeof=\"WebPage\" title=\"Ir a Turismo El Ejido.\" href=\"https:\/\/turismo.elejido.es\" class=\"home\" aria-current=\"page\"><span property=\"name\">Turismo El Ejido<\/span><\/a><meta property=\"position\" content=\"1\"><\/span><\/div>\n\n\n\n<div style=\"height:50px\" aria-hidden=\"true\" class=\"wp-block-spacer\"><\/div>\n\n\n\n<h1 class=\"wp-block-heading\">X Concentraci\u00f3n de Coches Antiguos<\/h1>\n\n\n\n<div style=\"height:25px\" aria-hidden=\"true\" class=\"wp-block-spacer\"><\/div>\n\n\n\n<p>El viernes 25 de julio a partir de las 20:00 te invitamos a disfrutar de la X edici\u00f3n de la Concentraci\u00f3n de Coches Antiguos en el Puerto Deportivo de Almerimar, una de las actividades cl\u00e1sicas del verano en la que podr\u00e1s admirar una variedad de modelos de coches de \u00e9poca, \u00a1aut\u00e9nticas joyas! \u00bfTe lo vas a perder?<\/p>\n\n\n\n<div style=\"height:50px\" aria-hidden=\"true\" class=\"wp-block-spacer\"><\/div>\n\n\n\n<iframe src=\"https:\/\/www.google.com\/maps\/embed?pb=!1m18!1m12!1m3!1d2257.6406678953763!2d-2.7948473901974022!3d36.69809307216068!2m3!1f0!2f0!3f0!3m2!1i1024!2i768!4f13.1!3m3!1m2!1s0xd705d9a3393d67f%3A0x33e0ee0ab9902f60!2sC\/%20D%C3%A1rsena%20de%20la%20Batea%2C%20Almerimar%2C%20Almer%C3%ADa!5e1!3m2!1ses!2ses!4v1753165789364!5m2!1ses!2ses\" width=\"600\" height=\"450\" style=\"border:0;\" allowfullscreen=\"\" loading=\"lazy\" referrerpolicy=\"no-referrer-when-downgrade\"><\/iframe>\n","protected":false},"excerpt":{"rendered":"<p>X Concentraci\u00f3n de Coches Antiguos El viernes 25 de julio a partir de las 20:00 te invitamos a disfrutar de la X edici\u00f3n de la Concentraci\u00f3n de Coches Antiguos en el Puerto Deportivo de Almerimar, una de las actividades cl\u00e1sicas del verano en la que podr\u00e1s admirar una variedad de modelos de coches de \u00e9poca, [&hellip;]<\/p>\n","protected":false},"author":5,"featured_media":24934,"comment_status":"closed","ping_status":"closed","template":"","tags":[],"mec_category":[773],"class_list":["post-24933","mec-events","type-mec-events","status-publish","has-post-thumbnail","hentry","mec_category-ocio","entry","has-media"],"yoast_head":"<!-- This site is optimized with the Yoast SEO plugin v27.4 - https:\/\/yoast.com\/product\/yoast-seo-wordpress\/ -->\n<title>X Concentraci\u00f3n de Coches Antiguos<\/title>\n<meta name=\"description\" content=\"El viernes 25 de julio te invitamos a disfrutar de la X edici\u00f3n de la Concentraci\u00f3n de Coches Antiguos en el Puerto Deportivo de Almerimar.\" \/>\n<meta name=\"robots\" content=\"index, follow, max-snippet:-1, max-image-preview:large, max-video-preview:-1\" \/>\n<link rel=\"canonical\" href=\"https:\/\/turismo.elejido.es\/index.php\/events\/x-concentracion-de-coches-antiguos\/\" \/>\n<meta property=\"og:locale\" content=\"es_ES\" \/>\n<meta property=\"og:type\" content=\"article\" \/>\n<meta property=\"og:title\" content=\"X Concentraci\u00f3n de Coches Antiguos\" \/>\n<meta property=\"og:description\" content=\"El viernes 25 de julio te invitamos a disfrutar de la X edici\u00f3n de la Concentraci\u00f3n de Coches Antiguos en el Puerto Deportivo de Almerimar.\" \/>\n<meta property=\"og:url\" content=\"https:\/\/turismo.elejido.es\/index.php\/events\/x-concentracion-de-coches-antiguos\/\" \/>\n<meta property=\"og:site_name\" content=\"Turismo El Ejido\" \/>\n<meta property=\"article:modified_time\" content=\"2025-07-22T07:05:36+00:00\" \/>\n<meta property=\"og:image\" content=\"https:\/\/turismo.elejido.es\/wp-content\/uploads\/2025\/07\/X-Concentracion-Coches-Antiguos-1.jpg\" \/>\n\t<meta property=\"og:image:width\" content=\"1080\" \/>\n\t<meta property=\"og:image:height\" content=\"1080\" \/>\n\t<meta property=\"og:image:type\" content=\"image\/jpeg\" \/>\n<meta name=\"twitter:card\" content=\"summary_large_image\" \/>\n<meta name=\"twitter:label1\" content=\"Tiempo de lectura\" \/>\n\t<meta name=\"twitter:data1\" content=\"1 minuto\" \/>\n<script type=\"application\/ld+json\" class=\"yoast-schema-graph\">{\"@context\":\"https:\\\/\\\/schema.org\",\"@graph\":[{\"@type\":\"WebPage\",\"@id\":\"https:\\\/\\\/turismo.elejido.es\\\/index.php\\\/events\\\/x-concentracion-de-coches-antiguos\\\/\",\"url\":\"https:\\\/\\\/turismo.elejido.es\\\/index.php\\\/events\\\/x-concentracion-de-coches-antiguos\\\/\",\"name\":\"X Concentraci\u00f3n de Coches Antiguos\",\"isPartOf\":{\"@id\":\"https:\\\/\\\/turismo.elejido.es\\\/#website\"},\"primaryImageOfPage\":{\"@id\":\"https:\\\/\\\/turismo.elejido.es\\\/index.php\\\/events\\\/x-concentracion-de-coches-antiguos\\\/#primaryimage\"},\"image\":{\"@id\":\"https:\\\/\\\/turismo.elejido.es\\\/index.php\\\/events\\\/x-concentracion-de-coches-antiguos\\\/#primaryimage\"},\"thumbnailUrl\":\"https:\\\/\\\/turismo.elejido.es\\\/wp-content\\\/uploads\\\/2025\\\/07\\\/X-Concentracion-Coches-Antiguos-1.jpg\",\"datePublished\":\"2025-07-22T06:34:13+00:00\",\"dateModified\":\"2025-07-22T07:05:36+00:00\",\"description\":\"El viernes 25 de julio te invitamos a disfrutar de la X edici\u00f3n de la Concentraci\u00f3n de Coches Antiguos en el Puerto Deportivo de Almerimar.\",\"breadcrumb\":{\"@id\":\"https:\\\/\\\/turismo.elejido.es\\\/index.php\\\/events\\\/x-concentracion-de-coches-antiguos\\\/#breadcrumb\"},\"inLanguage\":\"es\",\"potentialAction\":[{\"@type\":\"ReadAction\",\"target\":[\"https:\\\/\\\/turismo.elejido.es\\\/index.php\\\/events\\\/x-concentracion-de-coches-antiguos\\\/\"]}]},{\"@type\":\"ImageObject\",\"inLanguage\":\"es\",\"@id\":\"https:\\\/\\\/turismo.elejido.es\\\/index.php\\\/events\\\/x-concentracion-de-coches-antiguos\\\/#primaryimage\",\"url\":\"https:\\\/\\\/turismo.elejido.es\\\/wp-content\\\/uploads\\\/2025\\\/07\\\/X-Concentracion-Coches-Antiguos-1.jpg\",\"contentUrl\":\"https:\\\/\\\/turismo.elejido.es\\\/wp-content\\\/uploads\\\/2025\\\/07\\\/X-Concentracion-Coches-Antiguos-1.jpg\",\"width\":1080,\"height\":1080},{\"@type\":\"BreadcrumbList\",\"@id\":\"https:\\\/\\\/turismo.elejido.es\\\/index.php\\\/events\\\/x-concentracion-de-coches-antiguos\\\/#breadcrumb\",\"itemListElement\":[{\"@type\":\"ListItem\",\"position\":1,\"name\":\"Inicio\",\"item\":\"https:\\\/\\\/turismo.elejido.es\\\/\"},{\"@type\":\"ListItem\",\"position\":2,\"name\":\"Eventos\",\"item\":\"https:\\\/\\\/turismo.elejido.es\\\/index.php\\\/events\\\/\"},{\"@type\":\"ListItem\",\"position\":3,\"name\":\"X Concentraci\u00f3n de Coches Antiguos\"}]},{\"@type\":\"WebSite\",\"@id\":\"https:\\\/\\\/turismo.elejido.es\\\/#website\",\"url\":\"https:\\\/\\\/turismo.elejido.es\\\/\",\"name\":\"Turismo El Ejido\",\"description\":\"Portal Oficial de Turismo del Municipio de El Ejido, Almerimar y Balerma situado en la costa de Almer\u00eda.\",\"publisher\":{\"@id\":\"https:\\\/\\\/turismo.elejido.es\\\/#organization\"},\"potentialAction\":[{\"@type\":\"SearchAction\",\"target\":{\"@type\":\"EntryPoint\",\"urlTemplate\":\"https:\\\/\\\/turismo.elejido.es\\\/?s={search_term_string}\"},\"query-input\":{\"@type\":\"PropertyValueSpecification\",\"valueRequired\":true,\"valueName\":\"search_term_string\"}}],\"inLanguage\":\"es\"},{\"@type\":\"Organization\",\"@id\":\"https:\\\/\\\/turismo.elejido.es\\\/#organization\",\"name\":\"Turismo El Ejido\",\"url\":\"https:\\\/\\\/turismo.elejido.es\\\/\",\"logo\":{\"@type\":\"ImageObject\",\"inLanguage\":\"es\",\"@id\":\"https:\\\/\\\/turismo.elejido.es\\\/#\\\/schema\\\/logo\\\/image\\\/\",\"url\":\"https:\\\/\\\/turismo.elejido.es\\\/wp-content\\\/uploads\\\/2020\\\/12\\\/elejidoNaranja.png\",\"contentUrl\":\"https:\\\/\\\/turismo.elejido.es\\\/wp-content\\\/uploads\\\/2020\\\/12\\\/elejidoNaranja.png\",\"width\":163,\"height\":92,\"caption\":\"Turismo El Ejido\"},\"image\":{\"@id\":\"https:\\\/\\\/turismo.elejido.es\\\/#\\\/schema\\\/logo\\\/image\\\/\"}}]}<\/script>\n<!-- \/ Yoast SEO plugin. -->","yoast_head_json":{"title":"X Concentraci\u00f3n de Coches Antiguos","description":"El viernes 25 de julio te invitamos a disfrutar de la X edici\u00f3n de la Concentraci\u00f3n de Coches Antiguos en el Puerto Deportivo de Almerimar.","robots":{"index":"index","follow":"follow","max-snippet":"max-snippet:-1","max-image-preview":"max-image-preview:large","max-video-preview":"max-video-preview:-1"},"canonical":"https:\/\/turismo.elejido.es\/index.php\/events\/x-concentracion-de-coches-antiguos\/","og_locale":"es_ES","og_type":"article","og_title":"X Concentraci\u00f3n de Coches Antiguos","og_description":"El viernes 25 de julio te invitamos a disfrutar de la X edici\u00f3n de la Concentraci\u00f3n de Coches Antiguos en el Puerto Deportivo de Almerimar.","og_url":"https:\/\/turismo.elejido.es\/index.php\/events\/x-concentracion-de-coches-antiguos\/","og_site_name":"Turismo El Ejido","article_modified_time":"2025-07-22T07:05:36+00:00","og_image":[{"width":1080,"height":1080,"url":"https:\/\/turismo.elejido.es\/wp-content\/uploads\/2025\/07\/X-Concentracion-Coches-Antiguos-1.jpg","type":"image\/jpeg"}],"twitter_card":"summary_large_image","twitter_misc":{"Tiempo de lectura":"1 minuto"},"schema":{"@context":"https:\/\/schema.org","@graph":[{"@type":"WebPage","@id":"https:\/\/turismo.elejido.es\/index.php\/events\/x-concentracion-de-coches-antiguos\/","url":"https:\/\/turismo.elejido.es\/index.php\/events\/x-concentracion-de-coches-antiguos\/","name":"X Concentraci\u00f3n de Coches Antiguos","isPartOf":{"@id":"https:\/\/turismo.elejido.es\/#website"},"primaryImageOfPage":{"@id":"https:\/\/turismo.elejido.es\/index.php\/events\/x-concentracion-de-coches-antiguos\/#primaryimage"},"image":{"@id":"https:\/\/turismo.elejido.es\/index.php\/events\/x-concentracion-de-coches-antiguos\/#primaryimage"},"thumbnailUrl":"https:\/\/turismo.elejido.es\/wp-content\/uploads\/2025\/07\/X-Concentracion-Coches-Antiguos-1.jpg","datePublished":"2025-07-22T06:34:13+00:00","dateModified":"2025-07-22T07:05:36+00:00","description":"El viernes 25 de julio te invitamos a disfrutar de la X edici\u00f3n de la Concentraci\u00f3n de Coches Antiguos en el Puerto Deportivo de Almerimar.","breadcrumb":{"@id":"https:\/\/turismo.elejido.es\/index.php\/events\/x-concentracion-de-coches-antiguos\/#breadcrumb"},"inLanguage":"es","potentialAction":[{"@type":"ReadAction","target":["https:\/\/turismo.elejido.es\/index.php\/events\/x-concentracion-de-coches-antiguos\/"]}]},{"@type":"ImageObject","inLanguage":"es","@id":"https:\/\/turismo.elejido.es\/index.php\/events\/x-concentracion-de-coches-antiguos\/#primaryimage","url":"https:\/\/turismo.elejido.es\/wp-content\/uploads\/2025\/07\/X-Concentracion-Coches-Antiguos-1.jpg","contentUrl":"https:\/\/turismo.elejido.es\/wp-content\/uploads\/2025\/07\/X-Concentracion-Coches-Antiguos-1.jpg","width":1080,"height":1080},{"@type":"BreadcrumbList","@id":"https:\/\/turismo.elejido.es\/index.php\/events\/x-concentracion-de-coches-antiguos\/#breadcrumb","itemListElement":[{"@type":"ListItem","position":1,"name":"Inicio","item":"https:\/\/turismo.elejido.es\/"},{"@type":"ListItem","position":2,"name":"Eventos","item":"https:\/\/turismo.elejido.es\/index.php\/events\/"},{"@type":"ListItem","position":3,"name":"X Concentraci\u00f3n de Coches Antiguos"}]},{"@type":"WebSite","@id":"https:\/\/turismo.elejido.es\/#website","url":"https:\/\/turismo.elejido.es\/","name":"Turismo El Ejido","description":"Portal Oficial de Turismo del Municipio de El Ejido, Almerimar y Balerma situado en la costa de Almer\u00eda.","publisher":{"@id":"https:\/\/turismo.elejido.es\/#organization"},"potentialAction":[{"@type":"SearchAction","target":{"@type":"EntryPoint","urlTemplate":"https:\/\/turismo.elejido.es\/?s={search_term_string}"},"query-input":{"@type":"PropertyValueSpecification","valueRequired":true,"valueName":"search_term_string"}}],"inLanguage":"es"},{"@type":"Organization","@id":"https:\/\/turismo.elejido.es\/#organization","name":"Turismo El Ejido","url":"https:\/\/turismo.elejido.es\/","logo":{"@type":"ImageObject","inLanguage":"es","@id":"https:\/\/turismo.elejido.es\/#\/schema\/logo\/image\/","url":"https:\/\/turismo.elejido.es\/wp-content\/uploads\/2020\/12\/elejidoNaranja.png","contentUrl":"https:\/\/turismo.elejido.es\/wp-content\/uploads\/2020\/12\/elejidoNaranja.png","width":163,"height":92,"caption":"Turismo El Ejido"},"image":{"@id":"https:\/\/turismo.elejido.es\/#\/schema\/logo\/image\/"}}]}},"_links":{"self":[{"href":"https:\/\/turismo.elejido.es\/index.php\/wp-json\/wp\/v2\/mec-events\/24933","targetHints":{"allow":["GET"]}}],"collection":[{"href":"https:\/\/turismo.elejido.es\/index.php\/wp-json\/wp\/v2\/mec-events"}],"about":[{"href":"https:\/\/turismo.elejido.es\/index.php\/wp-json\/wp\/v2\/types\/mec-events"}],"author":[{"embeddable":true,"href":"https:\/\/turismo.elejido.es\/index.php\/wp-json\/wp\/v2\/users\/5"}],"replies":[{"embeddable":true,"href":"https:\/\/turismo.elejido.es\/index.php\/wp-json\/wp\/v2\/comments?post=24933"}],"wp:featuredmedia":[{"embeddable":true,"href":"https:\/\/turismo.elejido.es\/index.php\/wp-json\/wp\/v2\/media\/24934"}],"wp:attachment":[{"href":"https:\/\/turismo.elejido.es\/index.php\/wp-json\/wp\/v2\/media?parent=24933"}],"wp:term":[{"taxonomy":"post_tag","embeddable":true,"href":"https:\/\/turismo.elejido.es\/index.php\/wp-json\/wp\/v2\/tags?post=24933"},{"taxonomy":"mec_category","embeddable":true,"href":"https:\/\/turismo.elejido.es\/index.php\/wp-json\/wp\/v2\/mec_category?post=24933"}],"curies":[{"name":"wp","href":"https:\/\/api.w.org\/{rel}","templated":true}]}}

X Concentración de Coches Antiguos

<div style="height:40px" aria-hidden="true" class="wp-block-spacer"></div>


<div class="breadcrumbs align  wp-block-bcn-breadcrumb-trail has-text-color has-background" vocab="https://schema.org/" typeof="BreadcrumbList">
	<span></span>
	<span property="itemListElement" typeof="ListItem"><a property="item" typeof="WebPage" title="Ir a Turismo El Ejido." href="https://turismo.elejido.es" class="home" aria-current="page"><span property="name">Turismo El Ejido</span></a><meta property="position" content="1"></span></div>



<div style="height:50px" aria-hidden="true" class="wp-block-spacer"></div>



<h1 class="wp-block-heading">X Concentración de Coches Antiguos</h1>



<div style="height:25px" aria-hidden="true" class="wp-block-spacer"></div>



<p>El viernes 25 de julio a partir de las 20:00 te invitamos a disfrutar de la X edición de la Concentración de Coches Antiguos en el Puerto Deportivo de Almerimar, una de las actividades clásicas del verano en la que podrás admirar una variedad de modelos de coches de época, ¡auténticas joyas! ¿Te lo vas a perder?</p>



<div style="height:50px" aria-hidden="true" class="wp-block-spacer"></div>



<iframe src="https://www.google.com/maps/embed?pb=!1m18!1m12!1m3!1d2257.6406678953763!2d-2.7948473901974022!3d36.69809307216068!2m3!1f0!2f0!3f0!3m2!1i1024!2i768!4f13.1!3m3!1m2!1s0xd705d9a3393d67f%3A0x33e0ee0ab9902f60!2sC/%20D%C3%A1rsena%20de%20la%20Batea%2C%20Almerimar%2C%20Almer%C3%ADa!5e1!3m2!1ses!2ses!4v1753165789364!5m2!1ses!2ses" width="600" height="450" style="border:0;" allowfullscreen="" loading="lazy" referrerpolicy="no-referrer-when-downgrade"></iframe>

<p>X Concentración de Coches Antiguos El viernes 25 de julio a partir de las 20:00 te invitamos a disfrutar de la X edición de la Concentración de Coches Antiguos en el Puerto Deportivo de Almerimar, una de las actividades clásicas del verano en la que podrás admirar una variedad de modelos de coches de época, [&hellip;]</p>

<!-- This site is optimized with the Yoast SEO plugin v27.4 - https://yoast.com/product/yoast-seo-wordpress/ -->
<title>X Concentración de Coches Antiguos</title>
<meta name="description" content="El viernes 25 de julio te invitamos a disfrutar de la X edición de la Concentración de Coches Antiguos en el Puerto Deportivo de Almerimar." />
<meta name="robots" content="index, follow, max-snippet:-1, max-image-preview:large, max-video-preview:-1" />
<link rel="canonical" href="https://turismo.elejido.es/index.php/events/x-concentracion-de-coches-antiguos/" />
<meta property="og:locale" content="es_ES" />
<meta property="og:type" content="article" />
<meta property="og:title" content="X Concentración de Coches Antiguos" />
<meta property="og:description" content="El viernes 25 de julio te invitamos a disfrutar de la X edición de la Concentración de Coches Antiguos en el Puerto Deportivo de Almerimar." />
<meta property="og:url" content="https://turismo.elejido.es/index.php/events/x-concentracion-de-coches-antiguos/" />
<meta property="og:site_name" content="Turismo El Ejido" />
<meta property="article:modified_time" content="2025-07-22T07:05:36+00:00" />
<meta property="og:image" content="https://turismo.elejido.es/wp-content/uploads/2025/07/X-Concentracion-Coches-Antiguos-1.jpg" />
	<meta property="og:image:width" content="1080" />
	<meta property="og:image:height" content="1080" />
	<meta property="og:image:type" content="image/jpeg" />
<meta name="twitter:card" content="summary_large_image" />
<meta name="twitter:label1" content="Tiempo de lectura" />
	<meta name="twitter:data1" content="1 minuto" />
<script type="application/ld+json" class="yoast-schema-graph">{"@context":"https:\/\/schema.org","@graph":[{"@type":"WebPage","@id":"https:\/\/turismo.elejido.es\/index.php\/events\/x-concentracion-de-coches-antiguos\/","url":"https:\/\/turismo.elejido.es\/index.php\/events\/x-concentracion-de-coches-antiguos\/","name":"X Concentración de Coches Antiguos","isPartOf":{"@id":"https:\/\/turismo.elejido.es\/#website"},"primaryImageOfPage":{"@id":"https:\/\/turismo.elejido.es\/index.php\/events\/x-concentracion-de-coches-antiguos\/#primaryimage"},"image":{"@id":"https:\/\/turismo.elejido.es\/index.php\/events\/x-concentracion-de-coches-antiguos\/#primaryimage"},"thumbnailUrl":"https:\/\/turismo.elejido.es\/wp-content\/uploads\/2025\/07\/X-Concentracion-Coches-Antiguos-1.jpg","datePublished":"2025-07-22T06:34:13+00:00","dateModified":"2025-07-22T07:05:36+00:00","description":"El viernes 25 de julio te invitamos a disfrutar de la X edición de la Concentración de Coches Antiguos en el Puerto Deportivo de Almerimar.","breadcrumb":{"@id":"https:\/\/turismo.elejido.es\/index.php\/events\/x-concentracion-de-coches-antiguos\/#breadcrumb"},"inLanguage":"es","potentialAction":[{"@type":"ReadAction","target":["https:\/\/turismo.elejido.es\/index.php\/events\/x-concentracion-de-coches-antiguos\/"]}]},{"@type":"ImageObject","inLanguage":"es","@id":"https:\/\/turismo.elejido.es\/index.php\/events\/x-concentracion-de-coches-antiguos\/#primaryimage","url":"https:\/\/turismo.elejido.es\/wp-content\/uploads\/2025\/07\/X-Concentracion-Coches-Antiguos-1.jpg","contentUrl":"https:\/\/turismo.elejido.es\/wp-content\/uploads\/2025\/07\/X-Concentracion-Coches-Antiguos-1.jpg","width":1080,"height":1080},{"@type":"BreadcrumbList","@id":"https:\/\/turismo.elejido.es\/index.php\/events\/x-concentracion-de-coches-antiguos\/#breadcrumb","itemListElement":[{"@type":"ListItem","position":1,"name":"Inicio","item":"https:\/\/turismo.elejido.es\/"},{"@type":"ListItem","position":2,"name":"Eventos","item":"https:\/\/turismo.elejido.es\/index.php\/events\/"},{"@type":"ListItem","position":3,"name":"X Concentración de Coches Antiguos"}]},{"@type":"WebSite","@id":"https:\/\/turismo.elejido.es\/#website","url":"https:\/\/turismo.elejido.es\/","name":"Turismo El Ejido","description":"Portal Oficial de Turismo del Municipio de El Ejido, Almerimar y Balerma situado en la costa de Almería.","publisher":{"@id":"https:\/\/turismo.elejido.es\/#organization"},"potentialAction":[{"@type":"SearchAction","target":{"@type":"EntryPoint","urlTemplate":"https:\/\/turismo.elejido.es\/?s={search_term_string}"},"query-input":{"@type":"PropertyValueSpecification","valueRequired":true,"valueName":"search_term_string"}}],"inLanguage":"es"},{"@type":"Organization","@id":"https:\/\/turismo.elejido.es\/#organization","name":"Turismo El Ejido","url":"https:\/\/turismo.elejido.es\/","logo":{"@type":"ImageObject","inLanguage":"es","@id":"https:\/\/turismo.elejido.es\/#\/schema\/logo\/image\/","url":"https:\/\/turismo.elejido.es\/wp-content\/uploads\/2020\/12\/elejidoNaranja.png","contentUrl":"https:\/\/turismo.elejido.es\/wp-content\/uploads\/2020\/12\/elejidoNaranja.png","width":163,"height":92,"caption":"Turismo El Ejido"},"image":{"@id":"https:\/\/turismo.elejido.es\/#\/schema\/logo\/image\/"}}]}</script>
<!-- / Yoast SEO plugin. -->

El viernes 25 de julio te invitamos a disfrutar de la X edición de la Concentración de Coches Antiguos en el Puerto Deportivo de Almerimar.

Portal Oficial de Turismo del Municipio de El Ejido, Almerimar y Balerma situado en la costa de Almería.
