{"id":1205,"date":"2020-12-14T07:30:26","date_gmt":"2020-12-14T07:30:26","guid":{"rendered":"http:\/\/localhost\/wordpress\/?page_id=1205"},"modified":"2024-08-30T19:46:14","modified_gmt":"2024-08-30T17:46:14","slug":"historia","status":"publish","type":"page","link":"https:\/\/turismo.elejido.es\/index.php\/informacion\/historia\/","title":{"rendered":"Historia"},"content":{"rendered":"\n<div class=\"wp-block-nk-awb nk-awb alturaSlider is-layout-constrained wp-block-nk-awb-is-layout-constrained\"><div class=\"nk-awb-wrap\" data-awb-type=\"image\" data-awb-image-background-size=\"cover\" data-awb-image-background-position=\"50% 50%\" data-awb-parallax=\"scroll\" data-awb-parallax-speed=\"0.5\" data-awb-parallax-mobile=\"false\"><div class=\"nk-awb-inner\"><img loading=\"lazy\" decoding=\"async\" src=\"https:\/\/app.elejido.es\/turismo\/wp-content\/uploads\/2021\/04\/panoramica-ejido.jpg\" class=\"wp-image-10477 jarallax-img\" width=\"1396\" height=\"650\" srcset=\"https:\/\/turismo.elejido.es\/wp-content\/uploads\/2021\/04\/panoramica-ejido.jpg 1396w, https:\/\/turismo.elejido.es\/wp-content\/uploads\/2021\/04\/panoramica-ejido-300x140.jpg 300w, https:\/\/turismo.elejido.es\/wp-content\/uploads\/2021\/04\/panoramica-ejido-768x358.jpg 768w, https:\/\/turismo.elejido.es\/wp-content\/uploads\/2021\/04\/panoramica-ejido-500x233.jpg 500w, https:\/\/turismo.elejido.es\/wp-content\/uploads\/2021\/04\/panoramica-ejido-800x372.jpg 800w, https:\/\/turismo.elejido.es\/wp-content\/uploads\/2021\/04\/panoramica-ejido-1280x596.jpg 1280w\" sizes=\"auto, (max-width: 1396px) 100vw, 1396px\" \/><\/div><\/div><\/div>\n\n\n\n<div style=\"height:25px\" aria-hidden=\"true\" class=\"wp-block-spacer\"><\/div>\n\n\n<div class=\"breadcrumbs align container wp-block-bcn-breadcrumb-trail has-text-color has-background\" vocab=\"https:\/\/schema.org\/\" typeof=\"BreadcrumbList\">\n\t<span><\/span>\n\t<span property=\"itemListElement\" typeof=\"ListItem\"><a property=\"item\" typeof=\"WebPage\" title=\"Ir a Turismo El Ejido.\" href=\"https:\/\/turismo.elejido.es\" class=\"home\" aria-current=\"page\"><span property=\"name\">Turismo El Ejido<\/span><\/a><meta property=\"position\" content=\"1\"><\/span><\/div>\n\n\n\n<div style=\"height:70px\" aria-hidden=\"true\" class=\"wp-block-spacer\"><\/div>\n\n\n\n<h1 class=\"has-text-align-center animated zoomIn duration1 eds-on-scroll wp-block-heading\">Historia<\/h1>\n\n\n\n<hr class=\"wp-block-separator has-text-color has-css-opacity has-background animated slideInLeft duration2 eds-on-scroll\" style=\"background-color:#ffaf26;color:#ffaf26\"\/>\n\n\n\n<div style=\"height:150px\" aria-hidden=\"true\" class=\"wp-block-spacer\"><\/div>\n\n\n<div id=\"pl-gb1205-69e05e9fbb930\"  class=\"panel-layout\" ><div id=\"pg-gb1205-69e05e9fbb930-0\"  class=\"panel-grid panel-has-style\" ><div class=\"container panel-row-style panel-row-style-for-gb1205-69e05e9fbb930-0\" ><div id=\"pgc-gb1205-69e05e9fbb930-0-0\"  class=\"panel-grid-cell\" ><div id=\"panel-gb1205-69e05e9fbb930-0-0-0\" class=\"so-panel widget widget_media_image panel-first-child panel-last-child\" data-index=\"0\" ><div class=\" animated rotateInDownLeft duration2 eds-on-scroll imagenHistoriaCentrada panel-widget-style panel-widget-style-for-gb1205-69e05e9fbb930-0-0-0\" ><img loading=\"lazy\" decoding=\"async\" width=\"300\" height=\"300\" src=\"https:\/\/turismo.elejido.es\/wp-content\/uploads\/2021\/04\/Iglesia-de-El-Ejido-300x300.jpg\" class=\"image wp-image-11038  attachment-medium size-medium\" alt=\"\" style=\"max-width: 100%; height: auto;\" srcset=\"https:\/\/turismo.elejido.es\/wp-content\/uploads\/2021\/04\/Iglesia-de-El-Ejido-300x300.jpg 300w, https:\/\/turismo.elejido.es\/wp-content\/uploads\/2021\/04\/Iglesia-de-El-Ejido-150x150.jpg 150w, https:\/\/turismo.elejido.es\/wp-content\/uploads\/2021\/04\/Iglesia-de-El-Ejido.jpg 500w\" sizes=\"auto, (max-width: 300px) 100vw, 300px\" \/><\/div><\/div><\/div><div id=\"pgc-gb1205-69e05e9fbb930-0-1\"  class=\"panel-grid-cell\" ><div id=\"panel-gb1205-69e05e9fbb930-0-1-0\" class=\"so-panel widget widget_text panel-first-child panel-last-child\" data-index=\"1\" ><div class=\" animated fadeInRight duration2 eds-on-scroll panel-widget-style panel-widget-style-for-gb1205-69e05e9fbb930-0-1-0\" >\t\t\t<div class=\"textwidget\"><p align=\"justify\">El Ejido ha experimentado un fuerte crecimiento econ\u00f3mico debido a la agricultura intensiva y un considerable aumento de la poblaci\u00f3n en pocos a\u00f1os. En 1982 se convirti\u00f3 en un municipio independiente.<\/p>\n<p align=\"justify\">A pesar de ello, la huella de la historia en El Ejido se remonta mucho tiempo atr\u00e1s. <span>Gran parte de esta historia se encuentra en el yacimiento arqueol\u00f3gico de Ciavieja, donde aparece ya un asentamiento a principios del III milenio a.C. <\/span><\/p>\n<\/div>\n\t\t<\/div><\/div><\/div><\/div><\/div><div id=\"pg-gb1205-69e05e9fbb930-1\"  class=\"panel-grid panel-has-style\" ><div class=\"panel-row-style panel-row-style-for-gb1205-69e05e9fbb930-1\" ><div id=\"pgc-gb1205-69e05e9fbb930-1-0\"  class=\"panel-grid-cell panel-grid-cell-empty\" ><\/div><\/div><\/div><div id=\"pg-gb1205-69e05e9fbb930-2\"  class=\"panel-grid panel-has-style\" ><div class=\"container historiaDarVuelta panel-row-style panel-row-style-for-gb1205-69e05e9fbb930-2\" ><div id=\"pgc-gb1205-69e05e9fbb930-2-0\"  class=\"panel-grid-cell\" ><div id=\"panel-gb1205-69e05e9fbb930-2-0-0\" class=\"so-panel widget widget_text panel-first-child panel-last-child\" data-index=\"2\" ><div class=\" animated fadeInLeft duration2 eds-on-scroll panel-widget-style panel-widget-style-for-gb1205-69e05e9fbb930-2-0-0\" >\t\t\t<div class=\"textwidget\"><p align=\"justify\">Durante la \u00e9poca romana, aparece la antigua ciudad de Murgi. Los restos arqueol\u00f3gicos sugieren la presencia de una poblaci\u00f3n pr\u00f3spera, de la que depend\u00edan una serie de n\u00facleos de poblaci\u00f3n, villas rurales y un puerto en Guardias Viejas.<\/p>\n<p align=\"justify\"><span>Durante la \u00e9poca medieval fue zona ganadera, de ah\u00ed la proliferaci\u00f3n de aljibes para el ganado. Tras la Guerra de las Alpujarras (1568-1571) las tierras quedaron pr\u00e1cticamente despobladas.<\/span><\/p>\n<\/div>\n\t\t<\/div><\/div><\/div><div id=\"pgc-gb1205-69e05e9fbb930-2-1\"  class=\"panel-grid-cell\" ><div id=\"panel-gb1205-69e05e9fbb930-2-1-0\" class=\"so-panel widget widget_media_image panel-first-child panel-last-child\" data-index=\"3\" ><div class=\" animated rotateInDownRight duration2 eds-on-scroll imagenHistoriaCentrada panel-widget-style panel-widget-style-for-gb1205-69e05e9fbb930-2-1-0\" ><img loading=\"lazy\" decoding=\"async\" width=\"300\" height=\"297\" src=\"https:\/\/turismo.elejido.es\/wp-content\/uploads\/2021\/04\/Entrada-a-Ejido-300x297.jpg\" class=\"image wp-image-11053  attachment-medium size-medium\" alt=\"\" style=\"max-width: 100%; height: auto;\" srcset=\"https:\/\/turismo.elejido.es\/wp-content\/uploads\/2021\/04\/Entrada-a-Ejido-300x297.jpg 300w, https:\/\/turismo.elejido.es\/wp-content\/uploads\/2021\/04\/Entrada-a-Ejido-150x150.jpg 150w, https:\/\/turismo.elejido.es\/wp-content\/uploads\/2021\/04\/Entrada-a-Ejido.jpg 500w\" sizes=\"auto, (max-width: 300px) 100vw, 300px\" \/><\/div><\/div><\/div><\/div><\/div><div id=\"pg-gb1205-69e05e9fbb930-3\"  class=\"panel-grid panel-has-style\" ><div class=\"panel-row-style panel-row-style-for-gb1205-69e05e9fbb930-3\" ><div id=\"pgc-gb1205-69e05e9fbb930-3-0\"  class=\"panel-grid-cell panel-grid-cell-empty\" ><\/div><\/div><\/div><div id=\"pg-gb1205-69e05e9fbb930-4\"  class=\"panel-grid panel-has-style\" ><div class=\"container  panel-row-style panel-row-style-for-gb1205-69e05e9fbb930-4\" ><div id=\"pgc-gb1205-69e05e9fbb930-4-0\"  class=\"panel-grid-cell\" ><div id=\"panel-gb1205-69e05e9fbb930-4-0-0\" class=\"so-panel widget widget_media_image panel-first-child panel-last-child\" data-index=\"4\" ><div class=\" animated rotateInDownLeft duration2 eds-on-scroll imagenHistoriaCentrada panel-widget-style panel-widget-style-for-gb1205-69e05e9fbb930-4-0-0\" ><img loading=\"lazy\" decoding=\"async\" width=\"300\" height=\"300\" src=\"https:\/\/turismo.elejido.es\/wp-content\/uploads\/2021\/04\/Carro-de-caballos-300x300.jpg\" class=\"image wp-image-11066  attachment-medium size-medium\" alt=\"\" style=\"max-width: 100%; height: auto;\" srcset=\"https:\/\/turismo.elejido.es\/wp-content\/uploads\/2021\/04\/Carro-de-caballos-300x300.jpg 300w, https:\/\/turismo.elejido.es\/wp-content\/uploads\/2021\/04\/Carro-de-caballos-150x150.jpg 150w, https:\/\/turismo.elejido.es\/wp-content\/uploads\/2021\/04\/Carro-de-caballos.jpg 500w\" sizes=\"auto, (max-width: 300px) 100vw, 300px\" \/><\/div><\/div><\/div><div id=\"pgc-gb1205-69e05e9fbb930-4-1\"  class=\"panel-grid-cell\" ><div id=\"panel-gb1205-69e05e9fbb930-4-1-0\" class=\"so-panel widget widget_text panel-first-child panel-last-child\" data-index=\"5\" ><div class=\" animated fadeInRight duration2 eds-on-scroll panel-widget-style panel-widget-style-for-gb1205-69e05e9fbb930-4-1-0\" >\t\t\t<div class=\"textwidget\"><p>En los siglos XVII y XVIII se potencia la expansi\u00f3n del cultivo de cereal en el interior. En la costa sigui\u00f3 la actividad pesquera, con la construcci\u00f3n de almadrabas y la obtenci\u00f3n de sal en las salinas. Tambi\u00e9n se construy\u00f3 el Castillo de Guardias Viejas, as\u00ed como las torres fortificadas de Balerma, Entinas y Cerrillos.<\/p>\n<\/div>\n\t\t<\/div><\/div><\/div><\/div><\/div><div id=\"pg-gb1205-69e05e9fbb930-5\"  class=\"panel-grid panel-has-style\" ><div class=\"panel-row-style panel-row-style-for-gb1205-69e05e9fbb930-5\" ><div id=\"pgc-gb1205-69e05e9fbb930-5-0\"  class=\"panel-grid-cell panel-grid-cell-empty\" ><\/div><\/div><\/div><div id=\"pg-gb1205-69e05e9fbb930-6\"  class=\"panel-grid panel-has-style\" ><div class=\"container historiaDarVuelta imagenHistoriaCentrada panel-row-style panel-row-style-for-gb1205-69e05e9fbb930-6\" ><div id=\"pgc-gb1205-69e05e9fbb930-6-0\"  class=\"panel-grid-cell\" ><div id=\"panel-gb1205-69e05e9fbb930-6-0-0\" class=\"so-panel widget widget_text panel-first-child panel-last-child\" data-index=\"6\" ><div class=\" animated fadeInLeft duration2 eds-on-scroll panel-widget-style panel-widget-style-for-gb1205-69e05e9fbb930-6-0-0\" >\t\t\t<div class=\"textwidget\"><p align=\"justify\"><span>A mediados del siglo XX comenz\u00f3 el desarrollo de la agricultura intensiva y de regad\u00edo. De ah\u00ed en adelante, la historia de El Ejido ir\u00e1 unida a este tipo de agricultura y a la investigaci\u00f3n e innovaci\u00f3n productiva. <\/span><\/p>\n<\/div>\n\t\t<\/div><\/div><\/div><div id=\"pgc-gb1205-69e05e9fbb930-6-1\"  class=\"panel-grid-cell\" ><div id=\"panel-gb1205-69e05e9fbb930-6-1-0\" class=\"so-panel widget widget_media_image panel-first-child panel-last-child\" data-index=\"7\" ><div class=\" animated rotateInDownRight duration2 eds-on-scroll imagenHistoriaCentrada panel-widget-style panel-widget-style-for-gb1205-69e05e9fbb930-6-1-0\" ><img loading=\"lazy\" decoding=\"async\" width=\"300\" height=\"296\" src=\"https:\/\/turismo.elejido.es\/wp-content\/uploads\/2021\/04\/Bulevar-romeria-300x296.jpg\" class=\"image wp-image-11070  attachment-medium size-medium\" alt=\"\" style=\"max-width: 100%; height: auto;\" srcset=\"https:\/\/turismo.elejido.es\/wp-content\/uploads\/2021\/04\/Bulevar-romeria-300x296.jpg 300w, https:\/\/turismo.elejido.es\/wp-content\/uploads\/2021\/04\/Bulevar-romeria.jpg 500w\" sizes=\"auto, (max-width: 300px) 100vw, 300px\" \/><\/div><\/div><\/div><\/div><\/div><\/div>\n\n\n<style>b{height:30px!important;}\nhtml .qsm-progress-bar .progressbar-text {top:20px!important;}\n.qsm_questions_answers_section{margin-top:25px;}\n<\/style>\n\n\n\n<div style=\"height:100px\" aria-hidden=\"true\" class=\"wp-block-spacer\"><\/div>\n","protected":false},"excerpt":{"rendered":"<p>Historia<\/p>\n","protected":false},"author":5,"featured_media":0,"parent":1252,"menu_order":0,"comment_status":"closed","ping_status":"closed","template":"","meta":{"ocean_post_layout":"","ocean_both_sidebars_style":"","ocean_both_sidebars_content_width":0,"ocean_both_sidebars_sidebars_width":0,"ocean_sidebar":"0","ocean_second_sidebar":"0","ocean_disable_margins":"enable","ocean_add_body_class":"","ocean_shortcode_before_top_bar":"","ocean_shortcode_after_top_bar":"","ocean_shortcode_before_header":"","ocean_shortcode_after_header":"","ocean_has_shortcode":"","ocean_shortcode_after_title":"","ocean_shortcode_before_footer_widgets":"","ocean_shortcode_after_footer_widgets":"","ocean_shortcode_before_footer_bottom":"","ocean_shortcode_after_footer_bottom":"","ocean_display_top_bar":"default","ocean_display_header":"default","ocean_header_style":"","ocean_center_header_left_menu":"0","ocean_custom_header_template":"0","ocean_custom_logo":0,"ocean_custom_retina_logo":0,"ocean_custom_logo_max_width":0,"ocean_custom_logo_tablet_max_width":0,"ocean_custom_logo_mobile_max_width":0,"ocean_custom_logo_max_height":0,"ocean_custom_logo_tablet_max_height":0,"ocean_custom_logo_mobile_max_height":0,"ocean_header_custom_menu":"0","ocean_menu_typo_font_family":"0","ocean_menu_typo_font_subset":"","ocean_menu_typo_font_size":0,"ocean_menu_typo_font_size_tablet":0,"ocean_menu_typo_font_size_mobile":0,"ocean_menu_typo_font_size_unit":"px","ocean_menu_typo_font_weight":"","ocean_menu_typo_font_weight_tablet":"","ocean_menu_typo_font_weight_mobile":"","ocean_menu_typo_transform":"","ocean_menu_typo_transform_tablet":"","ocean_menu_typo_transform_mobile":"","ocean_menu_typo_line_height":0,"ocean_menu_typo_line_height_tablet":0,"ocean_menu_typo_line_height_mobile":0,"ocean_menu_typo_line_height_unit":"","ocean_menu_typo_spacing":0,"ocean_menu_typo_spacing_tablet":0,"ocean_menu_typo_spacing_mobile":0,"ocean_menu_typo_spacing_unit":"","ocean_menu_link_color":"","ocean_menu_link_color_hover":"","ocean_menu_link_color_active":"","ocean_menu_link_background":"","ocean_menu_link_hover_background":"","ocean_menu_link_active_background":"","ocean_menu_social_links_bg":"","ocean_menu_social_hover_links_bg":"","ocean_menu_social_links_color":"","ocean_menu_social_hover_links_color":"","ocean_disable_title":"on","ocean_disable_heading":"default","ocean_post_title":"","ocean_post_subheading":"","ocean_post_title_style":"","ocean_post_title_background_color":"","ocean_post_title_background":0,"ocean_post_title_bg_image_position":"","ocean_post_title_bg_image_attachment":"","ocean_post_title_bg_image_repeat":"","ocean_post_title_bg_image_size":"","ocean_post_title_height":0,"ocean_post_title_bg_overlay":0.5,"ocean_post_title_bg_overlay_color":"","ocean_disable_breadcrumbs":"default","ocean_breadcrumbs_color":"","ocean_breadcrumbs_separator_color":"","ocean_breadcrumbs_links_color":"","ocean_breadcrumbs_links_hover_color":"","ocean_display_footer_widgets":"default","ocean_display_footer_bottom":"default","ocean_custom_footer_template":"0","footnotes":""},"class_list":["post-1205","page","type-page","status-publish","hentry","entry"],"yoast_head":"<!-- This site is optimized with the Yoast SEO plugin v27.3 - https:\/\/yoast.com\/product\/yoast-seo-wordpress\/ -->\n<title>Historia - Turismo El Ejido<\/title>\n<meta name=\"description\" content=\"La huella de la historia en El Ejido se remonta mucho tiempo atr\u00e1s. Gran parte de esta historia se encuentra en el yacimiento arqueol\u00f3gico...\" \/>\n<meta name=\"robots\" content=\"index, follow, max-snippet:-1, max-image-preview:large, max-video-preview:-1\" \/>\n<link rel=\"canonical\" href=\"https:\/\/turismo.elejido.es\/index.php\/informacion\/historia\/\" \/>\n<meta property=\"og:locale\" content=\"es_ES\" \/>\n<meta property=\"og:type\" content=\"article\" \/>\n<meta property=\"og:title\" content=\"Historia - Turismo El Ejido\" \/>\n<meta property=\"og:description\" content=\"La huella de la historia en El Ejido se remonta mucho tiempo atr\u00e1s. Gran parte de esta historia se encuentra en el yacimiento arqueol\u00f3gico...\" \/>\n<meta property=\"og:url\" content=\"https:\/\/turismo.elejido.es\/index.php\/informacion\/historia\/\" \/>\n<meta property=\"og:site_name\" content=\"Turismo El Ejido\" \/>\n<meta property=\"article:modified_time\" content=\"2024-08-30T17:46:14+00:00\" \/>\n<meta property=\"og:image\" content=\"https:\/\/app.elejido.es\/turismo\/wp-content\/uploads\/2021\/04\/panoramica-ejido.jpg\" \/>\n<meta name=\"twitter:card\" content=\"summary_large_image\" \/>\n<meta name=\"twitter:label1\" content=\"Tiempo de lectura\" \/>\n\t<meta name=\"twitter:data1\" content=\"3 minutos\" \/>\n<script type=\"application\/ld+json\" class=\"yoast-schema-graph\">{\"@context\":\"https:\\\/\\\/schema.org\",\"@graph\":[{\"@type\":\"WebPage\",\"@id\":\"https:\\\/\\\/turismo.elejido.es\\\/index.php\\\/informacion\\\/historia\\\/\",\"url\":\"https:\\\/\\\/turismo.elejido.es\\\/index.php\\\/informacion\\\/historia\\\/\",\"name\":\"Historia - Turismo El Ejido\",\"isPartOf\":{\"@id\":\"https:\\\/\\\/turismo.elejido.es\\\/#website\"},\"primaryImageOfPage\":{\"@id\":\"https:\\\/\\\/turismo.elejido.es\\\/index.php\\\/informacion\\\/historia\\\/#primaryimage\"},\"image\":{\"@id\":\"https:\\\/\\\/turismo.elejido.es\\\/index.php\\\/informacion\\\/historia\\\/#primaryimage\"},\"thumbnailUrl\":\"https:\\\/\\\/app.elejido.es\\\/turismo\\\/wp-content\\\/uploads\\\/2021\\\/04\\\/panoramica-ejido.jpg\",\"datePublished\":\"2020-12-14T07:30:26+00:00\",\"dateModified\":\"2024-08-30T17:46:14+00:00\",\"description\":\"La huella de la historia en El Ejido se remonta mucho tiempo atr\u00e1s. Gran parte de esta historia se encuentra en el yacimiento arqueol\u00f3gico...\",\"breadcrumb\":{\"@id\":\"https:\\\/\\\/turismo.elejido.es\\\/index.php\\\/informacion\\\/historia\\\/#breadcrumb\"},\"inLanguage\":\"es\",\"potentialAction\":[{\"@type\":\"ReadAction\",\"target\":[\"https:\\\/\\\/turismo.elejido.es\\\/index.php\\\/informacion\\\/historia\\\/\"]}]},{\"@type\":\"ImageObject\",\"inLanguage\":\"es\",\"@id\":\"https:\\\/\\\/turismo.elejido.es\\\/index.php\\\/informacion\\\/historia\\\/#primaryimage\",\"url\":\"https:\\\/\\\/app.elejido.es\\\/turismo\\\/wp-content\\\/uploads\\\/2021\\\/04\\\/panoramica-ejido.jpg\",\"contentUrl\":\"https:\\\/\\\/app.elejido.es\\\/turismo\\\/wp-content\\\/uploads\\\/2021\\\/04\\\/panoramica-ejido.jpg\"},{\"@type\":\"BreadcrumbList\",\"@id\":\"https:\\\/\\\/turismo.elejido.es\\\/index.php\\\/informacion\\\/historia\\\/#breadcrumb\",\"itemListElement\":[{\"@type\":\"ListItem\",\"position\":1,\"name\":\"Inicio\",\"item\":\"https:\\\/\\\/app.elejido.es\\\/turismo\\\/\"},{\"@type\":\"ListItem\",\"position\":2,\"name\":\"Info\",\"item\":\"https:\\\/\\\/turismo.elejido.es\\\/index.php\\\/informacion\\\/\"},{\"@type\":\"ListItem\",\"position\":3,\"name\":\"Historia\"}]},{\"@type\":\"WebSite\",\"@id\":\"https:\\\/\\\/turismo.elejido.es\\\/#website\",\"url\":\"https:\\\/\\\/turismo.elejido.es\\\/\",\"name\":\"Turismo El Ejido\",\"description\":\"Portal Oficial de Turismo del Municipio de El Ejido, Almerimar y Balerma situado en la costa de Almer\u00eda.\",\"publisher\":{\"@id\":\"https:\\\/\\\/turismo.elejido.es\\\/#organization\"},\"potentialAction\":[{\"@type\":\"SearchAction\",\"target\":{\"@type\":\"EntryPoint\",\"urlTemplate\":\"https:\\\/\\\/turismo.elejido.es\\\/?s={search_term_string}\"},\"query-input\":{\"@type\":\"PropertyValueSpecification\",\"valueRequired\":true,\"valueName\":\"search_term_string\"}}],\"inLanguage\":\"es\"},{\"@type\":\"Organization\",\"@id\":\"https:\\\/\\\/turismo.elejido.es\\\/#organization\",\"name\":\"Turismo El Ejido\",\"url\":\"https:\\\/\\\/turismo.elejido.es\\\/\",\"logo\":{\"@type\":\"ImageObject\",\"inLanguage\":\"es\",\"@id\":\"https:\\\/\\\/turismo.elejido.es\\\/#\\\/schema\\\/logo\\\/image\\\/\",\"url\":\"https:\\\/\\\/turismo.elejido.es\\\/wp-content\\\/uploads\\\/2020\\\/12\\\/elejidoNaranja.png\",\"contentUrl\":\"https:\\\/\\\/turismo.elejido.es\\\/wp-content\\\/uploads\\\/2020\\\/12\\\/elejidoNaranja.png\",\"width\":163,\"height\":92,\"caption\":\"Turismo El Ejido\"},\"image\":{\"@id\":\"https:\\\/\\\/turismo.elejido.es\\\/#\\\/schema\\\/logo\\\/image\\\/\"}}]}<\/script>\n<!-- \/ Yoast SEO plugin. -->","yoast_head_json":{"title":"Historia - Turismo El Ejido","description":"La huella de la historia en El Ejido se remonta mucho tiempo atr\u00e1s. Gran parte de esta historia se encuentra en el yacimiento arqueol\u00f3gico...","robots":{"index":"index","follow":"follow","max-snippet":"max-snippet:-1","max-image-preview":"max-image-preview:large","max-video-preview":"max-video-preview:-1"},"canonical":"https:\/\/turismo.elejido.es\/index.php\/informacion\/historia\/","og_locale":"es_ES","og_type":"article","og_title":"Historia - Turismo El Ejido","og_description":"La huella de la historia en El Ejido se remonta mucho tiempo atr\u00e1s. Gran parte de esta historia se encuentra en el yacimiento arqueol\u00f3gico...","og_url":"https:\/\/turismo.elejido.es\/index.php\/informacion\/historia\/","og_site_name":"Turismo El Ejido","article_modified_time":"2024-08-30T17:46:14+00:00","og_image":[{"url":"https:\/\/app.elejido.es\/turismo\/wp-content\/uploads\/2021\/04\/panoramica-ejido.jpg","type":"","width":"","height":""}],"twitter_card":"summary_large_image","twitter_misc":{"Tiempo de lectura":"3 minutos"},"schema":{"@context":"https:\/\/schema.org","@graph":[{"@type":"WebPage","@id":"https:\/\/turismo.elejido.es\/index.php\/informacion\/historia\/","url":"https:\/\/turismo.elejido.es\/index.php\/informacion\/historia\/","name":"Historia - Turismo El Ejido","isPartOf":{"@id":"https:\/\/turismo.elejido.es\/#website"},"primaryImageOfPage":{"@id":"https:\/\/turismo.elejido.es\/index.php\/informacion\/historia\/#primaryimage"},"image":{"@id":"https:\/\/turismo.elejido.es\/index.php\/informacion\/historia\/#primaryimage"},"thumbnailUrl":"https:\/\/app.elejido.es\/turismo\/wp-content\/uploads\/2021\/04\/panoramica-ejido.jpg","datePublished":"2020-12-14T07:30:26+00:00","dateModified":"2024-08-30T17:46:14+00:00","description":"La huella de la historia en El Ejido se remonta mucho tiempo atr\u00e1s. Gran parte de esta historia se encuentra en el yacimiento arqueol\u00f3gico...","breadcrumb":{"@id":"https:\/\/turismo.elejido.es\/index.php\/informacion\/historia\/#breadcrumb"},"inLanguage":"es","potentialAction":[{"@type":"ReadAction","target":["https:\/\/turismo.elejido.es\/index.php\/informacion\/historia\/"]}]},{"@type":"ImageObject","inLanguage":"es","@id":"https:\/\/turismo.elejido.es\/index.php\/informacion\/historia\/#primaryimage","url":"https:\/\/app.elejido.es\/turismo\/wp-content\/uploads\/2021\/04\/panoramica-ejido.jpg","contentUrl":"https:\/\/app.elejido.es\/turismo\/wp-content\/uploads\/2021\/04\/panoramica-ejido.jpg"},{"@type":"BreadcrumbList","@id":"https:\/\/turismo.elejido.es\/index.php\/informacion\/historia\/#breadcrumb","itemListElement":[{"@type":"ListItem","position":1,"name":"Inicio","item":"https:\/\/app.elejido.es\/turismo\/"},{"@type":"ListItem","position":2,"name":"Info","item":"https:\/\/turismo.elejido.es\/index.php\/informacion\/"},{"@type":"ListItem","position":3,"name":"Historia"}]},{"@type":"WebSite","@id":"https:\/\/turismo.elejido.es\/#website","url":"https:\/\/turismo.elejido.es\/","name":"Turismo El Ejido","description":"Portal Oficial de Turismo del Municipio de El Ejido, Almerimar y Balerma situado en la costa de Almer\u00eda.","publisher":{"@id":"https:\/\/turismo.elejido.es\/#organization"},"potentialAction":[{"@type":"SearchAction","target":{"@type":"EntryPoint","urlTemplate":"https:\/\/turismo.elejido.es\/?s={search_term_string}"},"query-input":{"@type":"PropertyValueSpecification","valueRequired":true,"valueName":"search_term_string"}}],"inLanguage":"es"},{"@type":"Organization","@id":"https:\/\/turismo.elejido.es\/#organization","name":"Turismo El Ejido","url":"https:\/\/turismo.elejido.es\/","logo":{"@type":"ImageObject","inLanguage":"es","@id":"https:\/\/turismo.elejido.es\/#\/schema\/logo\/image\/","url":"https:\/\/turismo.elejido.es\/wp-content\/uploads\/2020\/12\/elejidoNaranja.png","contentUrl":"https:\/\/turismo.elejido.es\/wp-content\/uploads\/2020\/12\/elejidoNaranja.png","width":163,"height":92,"caption":"Turismo El Ejido"},"image":{"@id":"https:\/\/turismo.elejido.es\/#\/schema\/logo\/image\/"}}]}},"_links":{"self":[{"href":"https:\/\/turismo.elejido.es\/index.php\/wp-json\/wp\/v2\/pages\/1205","targetHints":{"allow":["GET"]}}],"collection":[{"href":"https:\/\/turismo.elejido.es\/index.php\/wp-json\/wp\/v2\/pages"}],"about":[{"href":"https:\/\/turismo.elejido.es\/index.php\/wp-json\/wp\/v2\/types\/page"}],"author":[{"embeddable":true,"href":"https:\/\/turismo.elejido.es\/index.php\/wp-json\/wp\/v2\/users\/5"}],"replies":[{"embeddable":true,"href":"https:\/\/turismo.elejido.es\/index.php\/wp-json\/wp\/v2\/comments?post=1205"}],"version-history":[{"count":0,"href":"https:\/\/turismo.elejido.es\/index.php\/wp-json\/wp\/v2\/pages\/1205\/revisions"}],"up":[{"embeddable":true,"href":"https:\/\/turismo.elejido.es\/index.php\/wp-json\/wp\/v2\/pages\/1252"}],"wp:attachment":[{"href":"https:\/\/turismo.elejido.es\/index.php\/wp-json\/wp\/v2\/media?parent=1205"}],"curies":[{"name":"wp","href":"https:\/\/api.w.org\/{rel}","templated":true}]}}